number?
True
Is 169861 a composite number?
True
Is 186343 composite?
False
Is 7901 composite?
False
Is 36349 a prime number?
False
Is 402999 a composite number?
True
Is 28513 a composite number?
False
Is 7799 composite?
True
Is 130493 composite?
True
Is 11311 composite?
False
Is 8637 prime?
False
Is 163531 a composite number?
True
Is 128989 a composite number?
True
Is 10489 composite?
True
Is 251509 a prime number?
False
Is 27043 a composite number?
False
Is 73082 prime?
False
Is 108305 composite?
True
Is 1005259 composite?
True
Is 96989 a composite number?
False
Is 6121 a composite number?
False
Is 150707 a prime number?
True
Is 48563 prime?
True
Is 546919 prime?
True
Is 2453 a composite number?
True
Is 75889 a prime number?
False
Is 407023 composite?
False
Is 132191 composite?
True
Is 8665 prime?
False
Is 15959 a composite number?
False
Is 729029 a composite number?
True
Is 236143 a prime number?
True
Is 5381 composite?
False
Is 10007 composite?
False
Is 62571 a prime number?
False
Is 6119 prime?
False
Is 30791 prime?
False
Is 925331 a composite number?
True
Is 3347 prime?
True
Is 8149 composite?
True
Is 19913 a prime number?
True
Is 381629 a prime number?
True
Is 10993 a composite number?
False
Is 6559 a composite number?
True
Is 492469 composite?
True
Is 43599 a composite number?
True
Is 27719 prime?
False
Is 1318829 a prime number?
True
Is 1692447 prime?
False
Is 580819 composite?
True
Is 262103 prime?
True
Is 449 prime?
True
Is 263201 a prime number?
True
Is 1073017 prime?
False
Is 39779 composite?
False
Is 184949 a composite number?
False
Is 55039 composite?
True
Is 51109 prime?
True
Is 84499 prime?
True
Is 87443 composite?
False
Is 19289 a composite number?
False
Is 353 a prime number?
True
Is 96295 a prime number?
False
Is 23054 composite?
True
Is 751 composite?
False
Is 485519 prime?
True
Is 591 a composite number?
True
Is 2894 prime?
False
Is 184133 composite?
False
Is 1008754 composite?
True
Is 1180871 a prime number?
False
Is 83921 a prime number?
True
Is 143537 a composite number?
False
Is 17417 a prime number?
True
Is 307907 a composite number?
True
Is 6927 prime?
False
Is 2417 composite?
False
Is 22531 a composite number?
False
Is 5113 composite?
False
Is 1279 composite?
False
Is 8923 a prime number?
True
Is 907 prime?
True
Is 5449 a composite number?
False
Is 20467 a prime number?
False
Is 19973 a composite number?
False
Is 535 composite?
True
Is 386761 prime?
False
Is 1243043 composite?
True
Is 1367 a prime number?
True
Is 110431 prime?
True
Is 107563 prime?
True
Is 196557 a prime number?
False
Is 238219 prime?
False
Is 2237 a prime number?
True
Is 533147 a composite number?
True
Is 6595 prime?
False
Is 62209 composite?
True
Is 648517 prime?
False
Is 484991 prime?
False
Is 20471 prime?
False
Is 15313 a composite number?
False
Is 278546 composite?
True
Is 411883 prime?
True
Is 14614 a prime number?
False
Is 985191 a prime number?
False
Is 12071 prime?
True
Is 94337 prime?
False
Is 12677 prime?
False
Is 143873 a prime number?
True
Is 89062 prime?
False
Is 3683 prime?
False
Is 256301 a composite number?
False
Is 14173 a prime number?
True
Is 52489 a composite number?
False
Is 13441 a composite number?
False
Is 307759 a composite number?
False
Is 13157 prime?
False
Is 259283 composite?
True
Is 271709 prime?
False
Is 80741 prime?
False
Is 38177 composite?
False
Is 381343 composite?
False
Is 123787 prime?
True
Is 194037 composite?
True
Is 2333 a prime number?
True
Is 1163057 prime?
False
Is 224833 composite?
True
Is 205285 prime?
False
Is 10453 a composite number?
False
Is 392383 composite?
False
Is 127969 composite?
True
Is 127817 prime?
True
Is 1868617 composite?
False
Is 136201 a prime number?
False
Is 282187 composite?
True
Is 49319 prime?
False
Is 1433077 a composite number?
True
Is 3271 prime?
True
Is 24199 composite?
True
Is 12605 prime?
False
Is 2281183 composite?
False
Is 17623 a composite number?
False
Is 3231067 composite?
True
Is 110938 prime?
False
Is 328171 prime?
True
Is 31931 a composite number?
True
Is 32137 a composite number?
True
Is 13591 a prime number?
True
Is 4299953 prime?
False
Is 3598249 a prime number?
False
Is 293311 a prime number?
True
Is 12713 a composite number?
False
Is 1909 a composite number?
True
Is 40099 a composite number?
False
Is 3197 a composite number?
True
Is 4941449 prime?
True
Is 8915 a composite number?
True
Is 15221 a prime number?
False
Is 31013 prime?
True
Is 1777609 a prime number?
True
Is 349729 composite?
False
Is 468911 a prime number?
False
Is 150959 composite?
False
Is 211 a composite number?
False
Is 59635 composite?
True
Is 5435 prime?
False
Is 787 a prime number?
True
Is 736829 composite?
True
Is 2100289 a composite number?
True
Is 19835 a prime number?
False
Is 9431 composite?
False
Is 2521 a composite number?
False
Is 28693 a prime number?
False
Is 63177 a prime number?
False
Is 5878 composite?
True
Is 21587 a composite number?
False
Is 1198033 prime?
True
Is 9451 a prime number?
False
Is 2237 a prime number?
True
Is 1598029 a composite number?
True
Is 479 a composite number?
False
Is 11233 a composite number?
True
Is 5557 composite?
False
Is 4637 a composite number?
False
Is 549111 composite?
True
Is 7543 a composite number?
True
Is 456499 a prime number?
True
Is 619679 composite?
True
Is 6113 a prime number?
True
Is 12953 a prime number?
True
Is 245965 a composite number?
True
Is 2901 composite?
True
Is 74941 a composite number?
False
Is 646847 prime?
False
Is 6683 prime?
False
Is 258455 composite?
True
Is 16603 composite?
False
Is 160703 prime?
False
Is 663477 a composite number?
True
Is 144517 a composite number?
True
Is 2733173 a composite number?
False
Is 71459 a prime number?
False
Is 1005803 prime?
False
Is 131609 a prime number?
False
Is 1324031 a composite number?
True
Is 178547 a prime number?
False
Is 266821 a prime number?
True
Is 439123 composite?
False
Is 183907 a prime number?
True
Is 1171 composite?
False
Is 6547 a prime number?
True
Is 40063 a composite number?
False
Is 62969 a prime number?
True
Is 21713 prime?
True
Is 140129 a composite number?
True
Is 199 composite?
False
Is 11839 a composite number?
False
Is 827581 prime?
True
Is 207349 a prime number?
False
Is 8147 composite?
False
Is 55493 prime?
False
Is 22931 a prime number?
False
Is 212426 composite?
True
Is 1364663 composite?
False
Is 47062 prime?
False
Is 685 prime?
False
Is 1174829 a prime number?
True
Is 72421 prime?
True
Is 39293 prime?
True
Is 76079 composite?
False
Is 6171157 a prime number?
True
Is 234569 composite?
True
Is 862 prime?
False
Is 62431 prime?
False
Is 131 a prime number?
True
Is 3103 a prime number?
False
Is 208303 a composite number?
True
Is 29473 prime?
True
Is 1151 composite?
False
Is 77677 a composite number?
True
Is 456193 prime?
True
Is 25923 a prime number?
False
Is 21863 a composite number?
False
Is 5779 a prime number?
True
Is 3369 prime?
False
Is 232769 a prime number?
False
Is 19501 a prime number?
True
Is 11617 a composite number?
False
Is 439141 prime?
True
Is 7393 a composite number?
False
Is 44513 a prime number?
False
Is 984911 prime?
True
Is 1228373 a prime number?
True
Is 73939 prime?
True
Is 369539 prime?
True
Is 1753 composite?
False
Is 9029 a prime number?
True
Is 98659 a prime number?
False
Is 16871 composite?
False
Is 99971 a composite number?
False
Is 103147 a prime number?
False
Is 12401 composite?
False
Is 41101 a composite number?
True
Is 6947 a composite number?
False
Is 145523 a prime number?
False
Is 1115 a prime number?
False
Is 12323 composite?
False
Is 124438 prime?
False
Is 4201 a composite number?
False
Is 119501 a composite number?
True
Is 48017 prime?
True
Is 36193 a composite number?
True
Is 9743 a composite number?
False
Is 31777 composite?
True
Is 670019 composite?
True
Is 273017 prime?
False
Is 13747 composite?
True
Is 8885 a composite number?
True
Is 3983 composite?
True
Is 461959 a composite number?
True
Is 465797 a prime number?
True
Is 60611 composite?
False
Is 399353 a composite number?
False
Is 3821 composite?
False
Is 751373 a composite number?
True
Is 5981 a composite number?
False
Is 14173 a composite number?
False
Is 442661 a prime number?
False
Is 530065 a prime number?
False
Is 767 prime?
False
Is 5297 prime?
True
Is 